 of -62 - 1 + 2*y**2 - 95 - 34 - 8*y + 4*y. Let o(q) = -q**2 - 3*q + 7. Let l be o(-5). Give p(l).
-16
Let a(m) be the first derivative of -m**4/4 - 2*m**3 + m**2/2 + 2*m + 2. Let p = -497 - -491. Determine a(p).
-4
Let y(m) = -m**3 - m**2 - m + 1. Suppose 31 = -3*r + 79. Let u = r - 11. Suppose -3 + 7 = 2*i, -2*j + 6 = u*i. What is y(j)?
7
Let p(q) = 16 - 53 - 605*q**3 + q**2 - 82 + 606*q**3. Determine p(0).
-119
Let f(p) be the first derivative of -20*p + 0*p**2 + 1/3*p**3 - 10. Let i(w) be the first derivative of f(w). What is i(-1)?
-2
Let b(k) = -18 + 8 + 4*k + 3*k**3 + 0*k**3 + 7*k**2 + 12 - 2*k**3. Determine b(-7).
-26
Let v(d) = 7*d - 1. Let x = 318 - 138. Let l = 182 - x. Calculate v(l).
13
Let u(w) = 0*w**3 + 2*w**2 - 6 + 4*w**2 + w**3 + 0*w**2 + 4*w. Let s = -106 + 101. What is u(s)?
-1
Let f(w) = -16*w + 8. Let n(b) = -5*b + 3. Let j(m) = 4*f(m) - 11*n(m). Let q = 508 - 411. Suppose -q + 99 = -2*v. Give j(v).
8
Let h(s) = -39*s + 241 - 155797*s**2 + 311593*s**2 - 155795*s**2. Calculate h(31).
-7
Let i(u) = u**2 - 6. Let v = 93 + -75. Let k = -13 + v. Suppose -k*r = 8*r. Give i(r).
-6
Let j(x) = -x**2 - 5*x - 5. Let k(m) = 15*m - 23. Let i be k(5). Suppose 4*g - i + 24 = 0. Let n be (g - 6)/(1/(-5)). Calculate j(n).
-5
Suppose 4*c - 36 = -4*a, 2*a - 30 + 36 = 4*c. Let i(g) = g - 9. Let v(l) = -2*l + 19. Let b(u) = 14*i(u) + 6*v(u). Calculate b(a).
-2
Suppose -3 = -2*i + 5. Let j be (-2*(-3)/6)/(i/112). Let o(y) = -30*y + j*y - 3 + 3. What is o(-3)?
6
Suppose -44*b + 24 = -46*b. Let u be (-4)/((b/9)/(2/3)). Let r(m) = -5 - m**2 + 10*m - m**u - 3*m. Give r(5).
-20
Let p(d) be the first derivative of 2*d**3/3 - 13*d**2/2 + d - 148. Let r be p(6). Let w(m) = 5*m - 4. Calculate w(r).
-29
Let t(b) = -6*b + 4. Let i(s) = -19*s + 13. Let d(v) = 2*i(v) - 7*t(v). Let z = -99 + 85. Let p = 17 + z. What is d(p)?
10
Suppose 7 - 3 = 2*b. Let v(j) = -8*j**b + 6 + 0*j**3 - j + j**2 + j**3. Suppose 25*x = 25*x - 17*x + 119. Determine v(x).
-1
Let p(t) = -20*t**3 - 84*t**2 - 24*t - 61. Let z be p(-4). Let h(i) = -i**2 - 10*i + 557. What is h(z)?
6
Suppose -26 = 5*f + 9*l, 43 = 4*f - l + 31. Let v(o) = -10*o + 9. Give v(f).
-11
Let h(s) be the second derivative of s**5/20 + s**4/2 - 5*s**3/6 + 9*s**2/2 - 5*s - 191. Suppose -11 - 10 = 3*a. What is h(a)?
-5
Let c(u) = 10*u + 93. Let r = -5007 + 4998. Give c(r).
3
Suppose -2*i - 2*i + 12 = 0. Suppose -i*u + 12 = -u. Let l(f) = -5*f**2 - 10*f - 8. Let n(z) = 18*z**2 + 31*z + 25. Let g(s) = 7*l(s) + 2*n(s). What is g(u)?
-18
Let l(i) = 17*i + 27. Let h(k) = 20*k + 29. Let x(n) = -5*h(n) + 6*l(n). What is x(-13)?
-9
Let i(p) be the first derivative of -p**5/20 + p**4/6 + p**3/3 + 2*p**2 + 178*p + 127. Let g(q) be the first derivative of i(q). What is g(4)?
-20
Suppose -3*f = -2*r + 13, 3*r - 7 = r + f. Let m(x) = 0*x - 4*x + 3 + 3*x - r*x. Calculate m(2).
-3
Let z(r) be the second derivative of -r**4/12 - 25*r**3/6 - 95*r**2/2 - 43*r - 5. Calculate z(-5).
5
Let t(v) = v - 30. Suppose 0 = -38*p + 41*p - 5*s - 5, 0 = -2*p - s - 1. Determine t(p).
-30
Let h(u) = -u**3 - 4*u**2 + 6*u - 2. Let m(q) = -3*q**3 - 8*q**2 + 12*q - 3. Let l(d) = -5*h(d) + 2*m(d). Suppose 7256*v = 7279*v - 69. Calculate l(v).
-5
Let z(v) = -v**2. Let w(q) = -10*q**2 + 9*q - 10. Let l(n) = -29*n**2 + 27*n - 30. Let g(b) = -4*l(b) + 11*w(b). Let p(c) = g(c) + 5*z(c). What is p(9)?
10
Let z(r) be the first derivative of -3*r**2/2 + 5*r + 119331. Let f(q) = q + 1. Let y be f(1). Calculate z(y).
-1
Let i(z) = z**3 - 3*z**2 + 7*z - 10. Let v(b) = -44*b - 4178. Let n be v(-95). Give i(n).
0
Let v(s) = 2*s - 25. Let a = 363 + -376. Determine v(a).
-51
Let j(r) be the second derivative of r**5/20 + 11*r**4/12 - 4*r**2 - 73*r. Determine j(-11).
-8
Let q(h) = h**3 - 8*h**2 + 8*h - 9. Let y = -2 - -12. Let t(d) = -20*d - 155. Let s be t(-8). Suppose -2*r + 44 = s*k - 5*r, -r - y = -k. What is q(k)?
-2
Let o(j) = j + 3. Let f be -3*(-5)/(-15)*-3. Suppose -f*k = 2*x - 13, -4*x - 6 = -4*k - 22. Suppose -r = x*r + 30. Give o(r).
-2
Suppose z - 3*f - 14 = 0, 16*f - 21*f - 26 = -3*z. Let s(a) = -107 - a**z + 102 + 14*a - 6*a. Calculate s(5).
10
Let u(d) be the third derivative of d**6/40 + d**4/8 - d**3/6 - 38*d**2 - 8*d. What is u(1)?
5
Suppose -10*d + 0*d + 190 = 0. Suppose -d*j = -17*j - 10. Let z(s) = s**3 - 4*s**2 - 3*s - 3. What is z(j)?
7
Let h(c) = -c**2 + 3*c. Let t(f) = f**3 - 6*f**2 + 2*f + 2. Let s(y) = h(y) + t(y). Let v(u) = u**3 + 6*u**2 + 7*u + 2. Let a be v(-4). Give s(a).
-4
Let t(f) = -9*f - 2. Let v(l) = -2*l + 1. Let k(h) = -6*t(h) + 25*v(h). Calculate k(-12).
-11
Suppose -2*k + 4 = -3*h, 3*h + 3*k - 11 = 10. Let f be (h + 1 - 30/10)*-1. Let c(s) be the second derivative of s**3/6 + s**2/2 + 2*s. Give c(f).
1
Let w(r) be the first derivative of r**3/3 + 5*r**2/2 + 4*r - 1. Let y = 3625 - 2438. Let q = -1190 + y. Determine w(q).
-2
Let j(h) be the third derivative of h**5/60 - h**4/6 + 2*h**3/3 - h**2. Let t be (-1)/5 + (-484)/(-20). Suppose 13*z - t = 7*z. Determine j(z).
4
Let d be 30274 - -14 - (3 - 11)/(-2). Let z(k) = 1 - 30288*k - 11 + d*k. What is z(-4)?
6
Suppose -1 = -a - 5. Let z(y) = -10*y + 0 - 17 + 0 + 3*y**2 - 4*y**2 + 6. Let u(m) = 3*m**2 + 28*m + 29. Let c(l) = 4*u(l) + 11*z(l). Calculate c(a).
3
Let w(k) = -3*k + 4. Let n(p) = 9. Let r(c) = 11. Let v(u) = 6*n(u) - 5*r(u). Let j(t) = 4*v(t) + w(t). Give j(-5).
15
Let h(w) = w**2 + 2*w - 1. Let g(p) = -p**3 + 4*p**2 + 1. Let s = -43 - -39. Let n be s/(-18) - 68/(-18). Let u be g(n). Determine h(u).
2
Let f(j) = -j**3 + j**2 + 27*j - 31. Suppose 630*z - 709*z = -395. What is f(z)?
4
Let p(r) = -10*r - 5. Let a be (0/(-1))/(12/12 - 2). Suppose -5*c + 4*w - 4 = 1, 2*c - w + 5 = a. Calculate p(c).
45
Let l(x) = 5*x + 7. Let i = 236 - 157. Suppose 4*u + 17 = 5*u - 2*r, -4*u = 3*r - i. Suppose -4*a - 21 = a - 2*p, 5*a - 3*p = -u. Give l(a).
-18
Let u(o) be the first derivative of -o**4/4 - 8*o**3/3 + 9*o**2/2 - 4*o + 1. Suppose -39 = 4*i + z, 3*i - 32087*z = -32080*z - 6. What is u(i)?
-4
Suppose -4*l = -3*c + 18, 5*l + 25 = 2*c + 2*c. Suppose 2*v + c = 3*w, -w + 4*w + 2*v - 2 = 0. Let u(a) = 2*a**3 + a - 1. What is u(w)?
17
Let v(m) = -122*m - 13. Let h(f) = -42*f - 1. Let u(w) = -3*h(w) + v(w). Give u(22).
78
Let w(j) = 46*j + 56. Let m be w(-1). Suppose -p + 35 = -5*b, 5*p + 9*b - 55 = m*b. Let t(d) = -d**3 + 10*d**2 + d - 11. What is t(p)?
-1
Let x(i) = -4*i - 2 + 970*i**3 + 4 + 5*i**2 - 969*i**3. Suppose 0*s + s + 30 = 5*l, 4*s = -2*l - 10. Let c = s - 1. What is x(c)?
-10
Let x(d) = 6*d + 505. Let n(c) = 3*c + 227. Let g(w) = -9*n(w) + 4*x(w). Give g(-8).
1
Let f(z) be the second derivative of 22*z**2 - 32*z - 1/6*z**3 + 0 + 1/8*z**4. Let u(g) be the first derivative of f(g). Determine u(1).
2
Let c(i) = 9*i + 5. Suppose 3 = -3*r + 21. Let v(m) = 8*m + 5. Let x(j) = r*c(j) - 7*v(j). What is x(-5)?
5
Let s(f) = f - 11. Suppose 6 = -14*b - 22. Let z(c) = -c + 2. Let m(x) = b*z(x) - s(x). Let d = -8 - -14. Determine m(d).
13
Suppose 276 = 44*h + 936. Let p be h/50*4*10/3. Let z(b) = b**3 + 3*b**2 - 6*b - 3. Give z(p).
5
Let a(n) = 11*n + 95. Let y(c) = 5*c + 44. Let r(l) = 4*a(l) - 9*y(l). Let h(u) = u**3 - 5*u**2 - 3*u + 4. Let m be h(2). What is r(m)?
-2
Let i(a) = 2*a**3 + 24*a**2 - 22*a + 68. Let v be (-71 + 69)*7/2 - (-2 + 8). Calculate i(v).
16
Let s(h) = -1487*h + 1064. Let f(b) = -329*b + 266. Let d(i) = -9*f(i) + 2*s(i). What is d(-21)?
7
Let f(n) = n**2 - n - 3. Let b(k) = k**2 + 7*k + 2. Let c be b(5). Let g = -56 + c. Suppose -g*q = 2*q. Determine f(q).
-3
Let g(u) = 4*u - 1. Let k(l) = l + 8. Let t be k(-6). Let x be 2/4*10 + -1. Suppose r - 1 = -p, t*r + x*p = 1 + 7. Calculate g(r).
-9
Let s(w) = w**3 - 13*w**2 + 3*w - 27. Let i be s(13). Let d(m) = m**2 - 14*m + 22. Let q be d(i). Let b(r) = 4*r + 3. What is b(q)?
-5
Let i(l) = l**3 - 4*l**2 + 5*l - 6. Let z(n) = -n**3 + 3*n**2 - 6*n + 6. Let j(q) = -5*i(q) - 4*z(q). Let g be (-105)/280 - 1943/(-232). Determine j(g).
-2
Let x(r) = -7*r**2 + 9*r + 111. Let g(k) = -3*k**2 + 6*k + 53. Let d(v) = -9*g(v) + 4*x(v). What is d(-17)?
-16
Let o(n) be the third derivative of n**6/120 + n**5/20 + n**4/24 - n**3/3 - 5*n**2 - 1898*n. Let a(z) = -z**3 - 5*z**2 - 2. Let y be a(-5). What is o(y)?
0
Let u = -755 - -760